{"id":4687,"date":"2026-03-02T13:05:56","date_gmt":"2026-03-02T12:05:56","guid":{"rendered":"https:\/\/begegnungszentrum.ch\/?post_type=kultur&#038;p=4687"},"modified":"2026-07-28T17:46:17","modified_gmt":"2026-07-28T15:46:17","slug":"taru-ensemble","status":"publish","type":"kultur","link":"https:\/\/begegnungszentrum.ch\/en\/kultur\/taru-ensemble\/","title":{"rendered":"Taru Ensemble &#8222;Temperamentvoll&#8220;"},"content":{"rendered":"<p class=\"has-x-large-font-size wp-block-paragraph\"><\/p>\n\n\n\n<p class=\"wp-block-paragraph\">spielt KAPUSTIN, SCHNYDER, FINNISCHE TANGOS<\/p>\n\n\n\n<p class=\"wp-block-paragraph\">Der Eintritt zum Konzert ist frei, Kollekte<\/p>\n\n\n\n<p class=\"wp-block-paragraph\">Nach dem musikalischen Genuss lassen wir den Abend bei Tavolata mit<\/p>\n\n\n\n<p class=\"wp-block-paragraph\">R\u00f6dbetsalad und finnischem Rindfleischeintopf oder Gem\u00fcseeintopf ausklingen.<\/p>\n\n\n\n<p class=\"wp-block-paragraph\">Ein genussvoller Anlass voller Musik und guter Gesellschaft wartet auf Sie!<\/p>\n\n\n\n<p class=\"wp-block-paragraph\">F\u00fcr das Abendessen inkl. Begr\u00fcssungsdrink, Getr\u00e4nke zum Essen, Kaffee &amp; Espresso verrechnen wir CHF 54.\u2013<\/p>\n\n\n\n<p class=\"wp-block-paragraph\">Anmeldung zum Essen bitte bis 4. Mai an <a href=\"mailto:info@begegnungszentrum.ch\">info@begegnungszentrum.ch<\/a> (bitte vegetarisch\/Allergien angeben)<\/p>","protected":false},"excerpt":{"rendered":"<p>Auch im Jahr 2026 darf man sich auf die beliebten Kammermusikkonzerte im Kaminsalon des Begegnungszentrums freuen. Die Konzertgesellschaft f\u00fcr finnische Musik pr\u00e4sentiert ein vielf\u00e4ltiges Programm. Das Konzert am 10. Mai 2026 wird temperamentvoll. Vor dem Konzert l\u00e4dt ein geselliges \u201eMeet &#038; Greet the Artists\u201c zum pers\u00f6nlichen Austausch mit den K\u00fcnstlern ein. Herzlich willkommen!<\/p>","protected":false},"featured_media":4600,"template":"","class_list":["post-4687","kultur","type-kultur","status-publish","has-post-thumbnail","hentry"],"_links":{"self":[{"href":"https:\/\/begegnungszentrum.ch\/en\/wp-json\/wp\/v2\/kultur\/4687","targetHints":{"allow":["GET"]}}],"collection":[{"href":"https:\/\/begegnungszentrum.ch\/en\/wp-json\/wp\/v2\/kultur"}],"about":[{"href":"https:\/\/begegnungszentrum.ch\/en\/wp-json\/wp\/v2\/types\/kultur"}],"version-history":[{"count":3,"href":"https:\/\/begegnungszentrum.ch\/en\/wp-json\/wp\/v2\/kultur\/4687\/revisions"}],"predecessor-version":[{"id":4874,"href":"https:\/\/begegnungszentrum.ch\/en\/wp-json\/wp\/v2\/kultur\/4687\/revisions\/4874"}],"wp:featuredmedia":[{"embeddable":true,"href":"https:\/\/begegnungszentrum.ch\/en\/wp-json\/wp\/v2\/media\/4600"}],"wp:attachment":[{"href":"https:\/\/begegnungszentrum.ch\/en\/wp-json\/wp\/v2\/media?parent=4687"}],"curies":[{"name":"wp","href":"https:\/\/api.w.org\/{rel}","templated":true}]}}

<p class="has-x-large-font-size wp-block-paragraph"></p>



<p class="wp-block-paragraph">spielt KAPUSTIN, SCHNYDER, FINNISCHE TANGOS</p>



<p class="wp-block-paragraph">Der Eintritt zum Konzert ist frei, Kollekte</p>



<p class="wp-block-paragraph">Nach dem musikalischen Genuss lassen wir den Abend bei Tavolata mit</p>



<p class="wp-block-paragraph">Rödbetsalad und finnischem Rindfleischeintopf oder Gemüseeintopf ausklingen.</p>



<p class="wp-block-paragraph">Ein genussvoller Anlass voller Musik und guter Gesellschaft wartet auf Sie!</p>



<p class="wp-block-paragraph">Für das Abendessen inkl. Begrüssungsdrink, Getränke zum Essen, Kaffee &amp; Espresso verrechnen wir CHF 54.–</p>



<p class="wp-block-paragraph">Anmeldung zum Essen bitte bis 4. Mai an <a href="mailto:info@begegnungszentrum.ch">info@begegnungszentrum.ch</a> (bitte vegetarisch/Allergien angeben)</p>

<p>Auch im Jahr 2026 darf man sich auf die beliebten Kammermusikkonzerte im Kaminsalon des Begegnungszentrums freuen. Die Konzertgesellschaft für finnische Musik präsentiert ein vielfältiges Programm. Das Konzert am 10. Mai 2026 wird temperamentvoll. Vor dem Konzert lädt ein geselliges „Meet &#038; Greet the Artists“ zum persönlichen Austausch mit den Künstlern ein. Herzlich willkommen!</p>
