{"id":5024,"date":"2026-05-13T14:46:57","date_gmt":"2026-05-13T12:46:57","guid":{"rendered":"https:\/\/begegnungszentrum.ch\/?post_type=kultur&#038;p=5024"},"modified":"2026-08-29T15:55:41","modified_gmt":"2026-08-29T13:55:41","slug":"taru-ensemble-gitarre-und-streicher-im-tanz","status":"publish","type":"kultur","link":"https:\/\/begegnungszentrum.ch\/en\/kultur\/taru-ensemble-gitarre-und-streicher-im-tanz\/","title":{"rendered":"Taru Ensemble &#8222;Gitarre und Streicher im Tanz&#8220; &amp; Dinner"},"content":{"rendered":"<p class=\"has-x-large-font-size wp-block-paragraph\"><\/p>\n\n\n\n<p class=\"wp-block-paragraph\">Taru Ensemble spielt FAGERLUND, PIAZZOLLA und BOCCERINI<\/p>\n\n\n\n<p class=\"wp-block-paragraph\">Einlass und Ap\u00e9ro ab 15:30 Uhr, der Eintritt zum Konzert ist frei, Kollekte<\/p>\n\n\n\n<p class=\"wp-block-paragraph\">Nach dem musikalischen Genuss lassen wir den Abend mit einem feinen 3-Gang-Men\u00fc ausklingen.<\/p>\n\n\n\n<p class=\"wp-block-paragraph\">Das Menu besteht aus Gem\u00fcsesalat, Locro und zum Dessert servieren wir Ihnen Schoko-Tiramisu.<\/p>\n\n\n\n<p class=\"wp-block-paragraph\">Ein genussvoller Anlass mit Musik und guter Gesellschaft wartet auf Sie!<\/p>\n\n\n\n<p class=\"wp-block-paragraph\">F\u00fcr das Abendessen inkl. Begr\u00fcssungsdrink, Getr\u00e4nke zum Essen, Kaffee &amp; Espresso verrechnen wir CHF 53.\u2013<\/p>\n\n\n\n<p class=\"wp-block-paragraph\">Mitglieder unseres F\u00f6rdervereins zahlen CHF 43.-<\/p>\n\n\n\n<p class=\"wp-block-paragraph\">Anmeldung zum Essen bitte bis am 7. September 2026 an <a href=\"mailto:info@begegnungszentrum.ch\">info@begegnungszentrum.ch<\/a> (bitte vegetarisch\/Allergien angeben)<\/p>\n\n\n\n<p class=\"wp-block-paragraph\"><\/p>","protected":false},"excerpt":{"rendered":"<p>Der Gitarrist Christiano Lozano Sedano aus Mexiko Stadt gastiert im Begegnungszentrum R\u00fcdlingen und tritt in einen musikalischen Tanz mit den Streichern des Taru Ensembles ein. Von Piazzollas Tango \u00fcber Boccherinis Fandango bis zu Fagerlunds moderner Klangforschung entfaltet sich ein Programm voller rhythmischer Energie und t\u00e4nzerischer Impulse. Eine musikalische Gelegenheit, Zeiten und Kulturen zu entdecken, vom barocken Spanien \u00fcber den Tango Nuevo bis zur nordischen Gegenwartsmusik. Charakteristisch f\u00fcr die Veranstaltungsreihe der Konzertgesellschaft f\u00fcr finnische Musik ist der thematische Schwerpunkt auf Werken finnischer Komponisten, die in sorgf\u00e4ltig kuratierten Programmen mit Kollegen aus aller Welt \u00fcber Epochen und Stile hinweg in Beziehung gesetzt werden. Im aktuellen Konzert wird die finnische Moderne durch Musik von Sebastian Fagerlund vertreten. \u00abCome Eco\u00bb erforscht das Ph\u00e4nomen des Echos musikalisch: Wie ver\u00e4ndert sich ein Klang im Raum und wie reflektiert das St\u00fcck zugleich auch Echos aus Fagerlunds fr\u00fcheren Werke. Auf diese Fragen lassen sich die Streicher des Taru Ensembles und der gastierende Gitarrist Christian Lozano Sedano ein. Fagerlunds Werk f\u00fcr Gitarre und Streichquartett wird umrahmt von Astor Piazzollas ber\u00fchrender Histoire du Tango und Luigi Boccherinis mitreissendem \u00abFandango\u00bb Gitarrenquintett. Vor dem Konzert l\u00e4dt ein geselliges \u201eMeet &#038; Greet the Artists\u201c zum pers\u00f6nlichen Austausch mit den Musikern ein. Willkommen!<\/p>","protected":false},"featured_media":5165,"template":"","class_list":["post-5024","kultur","type-kultur","status-publish","has-post-thumbnail","hentry"],"_links":{"self":[{"href":"https:\/\/begegnungszentrum.ch\/en\/wp-json\/wp\/v2\/kultur\/5024","targetHints":{"allow":["GET"]}}],"collection":[{"href":"https:\/\/begegnungszentrum.ch\/en\/wp-json\/wp\/v2\/kultur"}],"about":[{"href":"https:\/\/begegnungszentrum.ch\/en\/wp-json\/wp\/v2\/types\/kultur"}],"version-history":[{"count":8,"href":"https:\/\/begegnungszentrum.ch\/en\/wp-json\/wp\/v2\/kultur\/5024\/revisions"}],"predecessor-version":[{"id":5463,"href":"https:\/\/begegnungszentrum.ch\/en\/wp-json\/wp\/v2\/kultur\/5024\/revisions\/5463"}],"wp:featuredmedia":[{"embeddable":true,"href":"https:\/\/begegnungszentrum.ch\/en\/wp-json\/wp\/v2\/media\/5165"}],"wp:attachment":[{"href":"https:\/\/begegnungszentrum.ch\/en\/wp-json\/wp\/v2\/media?parent=5024"}],"curies":[{"name":"wp","href":"https:\/\/api.w.org\/{rel}","templated":true}]}}

<p class="has-x-large-font-size wp-block-paragraph"></p>



<p class="wp-block-paragraph">Taru Ensemble spielt FAGERLUND, PIAZZOLLA und BOCCERINI</p>



<p class="wp-block-paragraph">Einlass und Apéro ab 15:30 Uhr, der Eintritt zum Konzert ist frei, Kollekte</p>



<p class="wp-block-paragraph">Nach dem musikalischen Genuss lassen wir den Abend mit einem feinen 3-Gang-Menü ausklingen.</p>



<p class="wp-block-paragraph">Das Menu besteht aus Gemüsesalat, Locro und zum Dessert servieren wir Ihnen Schoko-Tiramisu.</p>



<p class="wp-block-paragraph">Ein genussvoller Anlass mit Musik und guter Gesellschaft wartet auf Sie!</p>



<p class="wp-block-paragraph">Für das Abendessen inkl. Begrüssungsdrink, Getränke zum Essen, Kaffee &amp; Espresso verrechnen wir CHF 53.–</p>



<p class="wp-block-paragraph">Mitglieder unseres Fördervereins zahlen CHF 43.-</p>



<p class="wp-block-paragraph">Anmeldung zum Essen bitte bis am 7. September 2026 an <a href="mailto:info@begegnungszentrum.ch">info@begegnungszentrum.ch</a> (bitte vegetarisch/Allergien angeben)</p>



<p class="wp-block-paragraph"></p>

<p>Der Gitarrist Christiano Lozano Sedano aus Mexiko Stadt gastiert im Begegnungszentrum Rüdlingen und tritt in einen musikalischen Tanz mit den Streichern des Taru Ensembles ein. Von Piazzollas Tango über Boccherinis Fandango bis zu Fagerlunds moderner Klangforschung entfaltet sich ein Programm voller rhythmischer Energie und tänzerischer Impulse. Eine musikalische Gelegenheit, Zeiten und Kulturen zu entdecken, vom barocken Spanien über den Tango Nuevo bis zur nordischen Gegenwartsmusik. Charakteristisch für die Veranstaltungsreihe der Konzertgesellschaft für finnische Musik ist der thematische Schwerpunkt auf Werken finnischer Komponisten, die in sorgfältig kuratierten Programmen mit Kollegen aus aller Welt über Epochen und Stile hinweg in Beziehung gesetzt werden. Im aktuellen Konzert wird die finnische Moderne durch Musik von Sebastian Fagerlund vertreten. «Come Eco» erforscht das Phänomen des Echos musikalisch: Wie verändert sich ein Klang im Raum und wie reflektiert das Stück zugleich auch Echos aus Fagerlunds früheren Werke. Auf diese Fragen lassen sich die Streicher des Taru Ensembles und der gastierende Gitarrist Christian Lozano Sedano ein. Fagerlunds Werk für Gitarre und Streichquartett wird umrahmt von Astor Piazzollas berührender Histoire du Tango und Luigi Boccherinis mitreissendem «Fandango» Gitarrenquintett. Vor dem Konzert lädt ein geselliges „Meet &#038; Greet the Artists“ zum persönlichen Austausch mit den Musikern ein. Willkommen!</p>
